 divided by n.
22
Let h = 72 - 63. Let k = -53 - -85. What is the remainder when k is divided by h?
5
Let u(x) = -8*x + 2. Let y be 4 - (-4 - (-5 + -1)). Suppose y*t + 6 = -2. What is the remainder when u(t) is divided by 9?
7
Suppose -39*w + 72 = -33*w. What is the remainder when 59 is divided by w?
11
Suppose -2*o = j - 11, j + 3*o - 4*o = 8. Calculate the remainder when 23 is divided by j.
5
Let a = 39 - -98. Let w = a - 77. Calculate the remainder when w is divided by 16.
12
Suppose 78*u = 83*u - 20. Suppose -l + u*l - 147 = 0. What is the remainder when l is divided by 11?
5
Suppose 13*v - 40 = 25. Let f(q) = 59*q - 1. Let b be f(1). Suppose -3*m - 6 = 0, -m - b = -v*a + a. What is the remainder when 27 is divided by a?
13
Let x = 389 + -371. Let h = 8 + -3. What is the remainder when x is divided by h?
3
Suppose 0*u + 3*u + 5*r - 1115 = 0, 0 = -4*u + 2*r + 1478. What is the remainder when u is divided by 21?
13
Suppose 5*h + 110 = 325. Suppose 21 = -2*u + s, u = -3*u + 3*s - h. What is the remainder when -7 - u - 51/(-1) is divided by 14?
12
Suppose -3*s + 673 = j - 306, 2*s = -4*j + 636. Calculate the remainder when s is divided by 11.
9
Let z(g) = -g**3 - 10*g**2 + 28*g - 1. Let s be z(-13). Let b = -121 + s. Calculate the remainder when b is divided by 12.
9
Suppose 0 = 2*a - 4*k + 12, 2*a + a + 5*k - 26 = 0. Let t = a - -16. Calculate the remainder when t is divided by 6.
0
Suppose -4*d - 5*b + 10 = d, 16 = 2*d + 5*b. Let h be (-2 - 9/2)*d. Suppose h*j - 5*j = 128. Calculate the remainder when 94 is divided by j.
14
Suppose -j = -2*z - 100, 29*z = -5*j + 28*z + 511. What is the remainder when j is divided by 5?
2
Let g(b) be the third derivative of b**4/24 + 4*b**3/3 - b**2. Calculate the remainder when g(-7) is divided by 4*((-17)/(-4) + (-4)/1).
0
Calculate the remainder when 372 is divided by (-13 - (16 + -6))*-4.
4
Let j = 6 + -3. Suppose -k - j*k + 84 = 0. Suppose 3*l = 6, -y + 256 = 2*y + 5*l. Calculate the remainder when y is divided by k.
19
Let p(w) = 21*w + 58. What is the remainder when 403 is divided by p(-1)?
33
Let n = -956 - -1122. What is the remainder when n is divided by 24?
22
Suppose 109*t - 1023 - 721 = 0. Let a = 6 - -1. Calculate the remainder when t is divided by a.
2
Let q(i) = -i**2 + 8*i + 128. What is the remainder when 180 is divided by q(15)?
19
Suppose 286 = 5*o + 8*o. Suppose -40 = o*q - 24*q. Calculate the remainder when 1 - ((1 - 1) + -97) is divided by q.
18
Suppose -2*i = 3*a - 1, -3 = 4*a - 5*a + 2*i. Let t be (a - -1) + (-2)/1. Suppose t = 2*c - 2 - 6. Calculate the remainder when c is divided by 3.
1
Let s = -148 - -207. What is the remainder when s is divided by 16?
11
Let w be 110/8 + (1/(-1))/(-4). Let h = w + 7. What is the remainder when h is divided by 6?
3
Let l = 6 + 12. Calculate the remainder when 33 is divided by l.
15
Suppose -15*q - 185 + 605 = 0. What is the remainder when 97 is divided by (-1 + 0)/((q/189)/(-4))?
16
Suppose -2*q = -5*q - 45. Let r = 21 + q. Suppose -2*d = r - 40. What is the remainder when 31 is divided by d?
14
Suppose -5*l = -0*l - 105. Let z = -160 - -241. Calculate the remainder when z is divided by l.
18
Suppose -3*z - 15 = 0, -4*z - 63 = -4*y - z. Let v = 274 + -103. Suppose -5*g + v = 2*t - 5*t, 109 = 3*g - 5*t. What is the remainder when g is divided by y?
9
Let f = 17 + 3. Suppose 17*h - 18*h + 36 = 0. What is the remainder when h is divided by f?
16
Suppose -2*w + 104 = 4*g, -64 = -0*w - w + 4*g. What is the remainder when w is divided by (6 - (-85)/(-15))*57?
18
Let h = -48 + 88. Suppose 3*q + 3 = -0*v - v, q = -4*v + 21. Suppose v*c = 7*c - 14. What is the remainder when h is divided by c?
12
Suppose 20*h = 82 + 78. Calculate the remainder when h is divided by (1 + 6/(-4))*-10.
3
Let w = -142 - -67. What is the remainder when (w + 1)/(0 - 2) is divided by (456/(-45))/(-1) + 4/(-30)?
7
Suppose 12*l + 6*l - 5868 = 0. What is the remainder when l is divided by 8?
6
What is the remainder when 58 is divided by (-438)/(-14) + 4/(-56)*4?
27
Suppose -600 - 1236 = -18*f. Suppose 2*p + 11 = 37. What is the remainder when f is divided by p?
11
Suppose -3*c - 26 = -5*c. Suppose 0 = 2*a + 5*l - 101, 9*a - 4*a = l + 185. Calculate the remainder when a is divided by c.
12
Suppose 10*z + 3*p = 7*z + 2112, -4*z = 2*p - 2814. Calculate the remainder when z is divided by 88.
87
Suppose -3*g - 44 = -536. Calculate the remainder when g is divided by 19.
12
Suppose 2*i = -j + 3*i - 1, -5*j - 3*i + 19 = 0. Suppose -5*v - o = -85 - 15, -5*o = -j*v + 40. Calculate the remainder when 39 is divided by v.
19
Let f = -211 + 226. Calculate the remainder when 119 is divided by f.
14
What is the remainder when 68 is divided by (5 + 394)/(-7)*6/(-9)?
30
Suppose k - 4*k = -87. Let p(x) be the first derivative of x**4/4 - 7*x**3/3 - 5*x**2/2 - 18*x + 24. What is the remainder when k is divided by p(8)?
5
Let p be ((-3)/2)/(9/(-402)). Suppose 5*b + 3*n = 107, -3*b - 3*n = -4*n - p. Let d(t) = -7*t**3 + t. Calculate the remainder when b is divided by d(-1).
4
Suppose t - 15 + 27 = 0. Let b(f) = f**3 + 11*f**2 - 13*f + 14. Calculate the remainder when 50 is divided by b(t).
24
Suppose 2*o = -5*k + 5, 3*k - 4*o = -0*o + 29. Calculate the remainder when 74 is divided by ((-11)/(-3) + -2 - k)*-30.
34
Let l(j) = -j**2 + 5*j - 3. Let w be l(3). Suppose -w*v - 1 = -31. Let c(x) = -x**2 + 10*x + 7. What is the remainder when 19 is divided by c(v)?
5
Let n = -50 + 32. Let f be (-1840)/n - (-4)/(-18). Let p = f + -54. Calculate the remainder when p is divided by 13.
9
Let z = 4 + -23. Let n be -5 + 8 + (z - 0). Let s = n + 23. What is the remainder when 19 is divided by s?
5
Let i = -34 - -37. What is the remainder when 55 is divided by i?
1
Suppose 0 = -194*q + 206*q - 660. Calculate the remainder when 108 is divided by q.
53
Let f = -242 - -250. What is the remainder when 34 is divided by f?
2
Suppose 4*q = -3*r + 188 + 60, -5*q + 310 = 2*r. What is the remainder when q is divided by 4?
2
Suppose 27*r - 686 - 313 = 0. Calculate the remainder when r is divided by 4.
1
Suppose -2*d - 2*v = d - 169, 5*d - 4*v - 289 = 0. Let i(n) be the first derivative of -3*n**2 + 8*n - 22. Calculate the remainder when d is divided by i(-2).
17
Let d(t) = t**3 + 12*t**2 + 20*t. Let k be d(-10). Suppose -n + k*n + 53 = 0. Suppose -5*g = -4*g - n. Calculate the remainder when g is divided by 27.
26
Let i = 29 - 44. Suppose -3*j - 37 = m, -4*j = 5*m - 9*j + 85. Let w = i - m. What is the remainder when 17 is divided by w?
3
Suppose m = -0*m + 5*y - 11, 5*m = -2*y + 26. Let t = 1325 - 1286. What is the remainder when t is divided by (29/m - 2)*4?
18
Suppose 18 = -4*s - 30. Let d = 3 - s. Suppose -n = -3*l + 129, l + 3*n - 7 = 36. Calculate the remainder when l is divided by d.
13
Suppose 0 = 6*n - 32*n + 3120. Calculate the remainder when n is divided by 32.
24
Let x(y) = -y**3 + 10*y**2 - y + 1. Let g be x(10). Let z(f) = f**3 + 10*f**2 - 7*f - 9. What is the remainder when z(g) is divided by 35?
30
Let o = -1198 + 1333. Calculate the remainder when o is divided by 8.
7
Let u = -102 - -110. What is the remainder when u is divided by 6?
2
Let k(h) = 3*h - 42. Calculate the remainder when k(17) is divided by 5.
4
Suppose 0 = 5*b + 3*r + 120, 0 = 2*b - 3*b + 4*r - 1. Let s = 10 - b. Calculate the remainder when 59 is divided by s.
28
Let z(h) = h + 17. Let f be z(11). Suppose 48 = 30*l - f*l. Calculate the remainder when 95 is divided by l.
23
Let k(c) = -c**2 - 2*c + 6. Let h be k(8). Let t = -48 - h. Let b(l) = -l**3 + 17*l**2 - 17*l + 23. What is the remainder when t is divided by b(16)?
5
Let n(h) = 2*h**2 - h - 2. Let f be n(2). Let z be (-3*(-2 + 10))/((-15)/10). Suppose z + 28 = f*q. What is the remainder when q is divided by 5?
1
Let w = -26 + 57. Suppose -3*s + 80 = -3*t + t, s - w = 5*t. Let g = -30 - -107. Calculate the remainder when g is divided by s.
25
Suppose 49*y = 16*y + 1848. What is the remainder when 104 is divided by y?
48
Let r(l) = -3*l**2 - l - 1. Let n be r(2). Let g = 23 + n. Suppose 3*u - g = -4*p, -5*p = -2*u + 2 - 12. What is the remainder when p is divided by 2?
0
Let d(h) = -h**3 + 8*h**2 - 6*h - 5. Let m be d(7). Suppose -m = w + 4. Let p = -3 - w. What is the remainder when p is div